NOAA-Style Climate Reports

Select a Year or Month report
2019: Jan Feb Mar Apr May Jun Jul Aug Sep Oct Nov Dec
2018: Jan Feb Mar Apr May Jun Jul Aug Sep Oct Nov Dec

Report for 2019 March
                   Monthly Climatological Summary for Mar 2019

Name: Linkwater School   City: Linkwater   State: Marlborough
Elevation: 8 m  Lat: S 41 17 21   Lon: E 173 52 44

                  Temperature (°C), Rain (mm), Wind Speed (km/h)

                                      Heat  Cool        Avg
    Mean                              Deg   Deg         Wind                 Dom
Day Temp  High   Time   Low    Time   Days  Days  Rain  Speed High   Time    Dir
----------------------------------------------------------------------------------
01  16.9  26.4   11:21  10.9   23:57   3.0   1.6   0.0   1.9  15.6   12:53   NNE
02  14.4  24.5   10:45   6.6   06:35   4.7   0.8   0.0   2.3  13.6   15:14   NNE
03  16.8  26.7   11:05   8.7   07:10   3.7   2.3   0.0   0.8  13.6   16:22   NNE
04  18.2  21.9   11:29  11.5   02:48   2.0   1.9   0.0   3.0  13.6   11:01    SE
05  18.3  25.1   11:26   8.8   06:30   2.5   2.5   0.0   2.5  15.6   17:02   ENE
06  18.4  28.3   15:14   9.9   04:56   2.9   3.0   0.0   2.0  24.2   12:53    NE
07  20.7  21.6   09:52  18.4   05:34   0.0   2.4   0.0   8.0  39.3   07:02   WNW
08  17.4  21.6   00:00  15.1   11:21   1.4   0.6  24.6   4.5  30.7   12:28     N
09  16.6  20.3   14:59  14.3   05:33   1.9   0.2  15.0   1.1   8.6   13:13   NNE
10  17.6  21.6   12:17  13.9   07:25   1.5   0.8   0.3   2.5  25.7   15:01   NNE
11  18.9  25.1   17:03  15.6   22:48   1.0   1.6   0.0   0.5  15.6   17:00   NNE
12  19.5  23.2   12:09  15.3   00:23   0.8   2.0   0.0   3.7  29.2   13:19    NW
13  22.3  28.6   14:49  17.0   04:00   0.2   4.2   9.6   3.1  30.7   15:37    NW
14  17.3  20.7   14:06  15.0   08:49   1.3   0.3   0.9   2.1  15.6   03:46   NNE
15  20.5  25.0   13:21  15.3   01:11   1.1   3.3   0.3   3.5  22.2   12:19   NNE
16  21.4  26.9   15:30  15.3   04:39   0.6   3.8   0.0   3.1  32.8   12:59     N
17  17.7  21.6   13:17  15.0   07:08   1.2   0.5   0.0   3.0  17.1   01:39   NNE
18  17.0  18.7   10:36  13.6   02:01   1.5   0.2   0.0   0.8   7.1   09:40   NNE
19  18.4  24.3   10:25  13.2   04:15   1.3   1.4   0.0   1.6  15.6   15:25   NNE
----------------------------------------------------------------------------------
    18.3  28.6    13     6.6     2    32.6  33.4  50.7   2.6  39.3     7       N

Max >=  27.0  2
Max <=  10.0  0
Min <=   0.0  0
Min <=  -5.0  0
Max Rain: 24.6 on day 8
Days of Rain: 6 (>= 0.2 mm)  3 (>= 2.0 mm)  1 (>= 20.0 mm)
Heat Base: 18.3  Cool Base: 18.3  Method: Integration