NOAA-Style Climate Reports

Select a Year or Month report
2018: Jan Feb Mar Apr May Jun Jul Aug Sep Oct Nov Dec

Report for 2018 November
                   Monthly Climatological Summary for Nov 2018

Name: Linkwater School   City: Linkwater   State: Marlborough
Elevation: 8 m  Lat: S 41 17 21   Lon: E 173 52 44

                  Temperature (°C), Rain (mm), Wind Speed (km/h)

                                      Heat  Cool        Avg
    Mean                              Deg   Deg         Wind                 Dom
Day Temp  High   Time   Low    Time   Days  Days  Rain  Speed High   Time    Dir
----------------------------------------------------------------------------------
01  11.4  17.6   15:15   5.2   23:53   6.9   0.0   0.6   2.4 164.3   23:19   NNE
02  13.8  22.1   13:50   3.6   06:00   4.9   0.4   0.0   3.1  22.2   11:10   NNE
03  17.7  22.1   16:29  13.7   09:56   0.8   0.3   1.5   6.3  42.8   17:14    NE
04  16.6  21.6   13:20  11.4   21:10   2.3   0.6   0.0  11.1  47.9   16:36   SSE
05  16.8  27.5   13:01   7.5   06:43   3.6   2.1   0.0   3.1  25.7   00:40    NE
06  17.0  26.4   15:33   8.9   06:01   3.3   2.0   0.0   2.0  35.8   18:02     N
07  16.4  23.3   08:42  10.2   05:31   2.6   0.7   0.3   4.8  41.3   11:00   SSW
08  17.9  19.5   09:54  16.8   00:00   0.5   0.1   2.1   9.4  60.0   11:52    SE
09  15.7  18.2   00:15  10.4   23:29   2.6   0.0  21.0   6.4  42.8   00:05   ESE
10  13.8  19.1   13:23   9.7   04:52   4.5   0.0   0.3   2.7  25.7   02:48     N
11  16.1  16.1   00:00  16.1   00:00   2.2   0.0   0.0   2.9   5.0   00:00     N
12  19.0  26.5   13:19  13.4   23:59   1.4   2.1   0.0   2.3  15.6   13:25   NNE
13  17.0  24.8   09:04   8.9   06:31   2.9   1.6   0.0   2.6  17.1   14:33     N
----------------------------------------------------------------------------------
    16.1  27.5     5     3.6     2    38.5   9.9  25.8   4.5 164.3     1       E

Max >=  27.0  1
Max <=  10.0  0
Min <=   0.0  0
Min <=  -5.0  0
Max Rain: 21.0 on day 9
Days of Rain: 6 (>= 0.2 mm)  2 (>= 2.0 mm)  1 (>= 20.0 mm)
Heat Base: 18.3  Cool Base: 18.3  Method: Integration