NOAA-Style Climate Reports

Select a Year or Month report
2019: Jan Feb Mar Apr May Jun Jul Aug Sep Oct Nov Dec
2018: Jan Feb Mar Apr May Jun Jul Aug Sep Oct Nov Dec

Report for 2019 January
                   Monthly Climatological Summary for Jan 2019

Name: Linkwater School   City: Linkwater   State: Marlborough
Elevation: 8 m  Lat: S 41 17 21   Lon: E 173 52 44

                  Temperature (°C), Rain (mm), Wind Speed (km/h)

                                      Heat  Cool        Avg
    Mean                              Deg   Deg         Wind                 Dom
Day Temp  High   Time   Low    Time   Days  Days  Rain  Speed High   Time    Dir
----------------------------------------------------------------------------------
01  22.5  29.5   17:11  18.1   05:35   0.0   4.2   0.0   0.9  17.1   17:09     N
02  26.3  36.9   09:48  15.2   06:34   0.5   8.5   0.0   7.4  41.3   16:14   SSE
03  26.0  33.7   10:09  18.0   23:58   0.0   7.7   0.0   7.9  35.8   09:58   SSE
04  20.6  29.5   10:58  13.0   06:01   1.4   3.7   0.0   1.9  13.6   14:57     N
05  23.8  35.0   14:55  10.7   06:25   1.9   7.4   0.0   4.1  51.4   15:59     W
06  27.3  36.8   15:23  18.9   23:54   0.0   9.0   0.0   8.6  49.9   17:12     S
07  18.8  21.0   13:36  17.2   04:06   0.2   0.8   0.0   2.3  13.6   18:59     N
08  22.1  32.5   10:20  15.0   02:19   0.7   4.5   0.0   2.2  20.7   22:54     N
09  22.9  32.5   13:23  15.9   06:47   0.3   4.8   0.0   3.4  29.2   14:59     E
10  22.8  30.3   10:23  19.6   04:32   0.0   4.5   0.0   3.9  49.9   10:26   NNE
11  22.7  33.0   09:41  15.6   05:55   0.4   4.8   0.0   4.0  29.2   11:13   ENE
12  18.8  24.6   15:43  14.3   23:37   0.8   1.3   0.0   2.3  17.1   07:16   NNE
13  19.9  30.8   10:10  11.4   06:18   2.0   3.6   0.0   4.6  44.4   14:59   SSE
14  16.9  23.2   16:18  13.0   04:30   2.1   0.6   0.0   0.9  15.6   09:58     N
15  17.6  23.8   08:59  13.8   06:31   1.5   0.9   0.0   4.5  39.3   15:41     N
16  17.8  23.5   15:48  13.5   23:43   1.7   1.3   0.0   3.6  30.7   01:21     N
17  20.3  31.3   15:06  10.8   06:21   2.1   4.2   0.0   1.4  15.6   21:54   NNE
18  20.1  28.4   13:05  15.3   05:31   0.9   2.7   0.0   2.0  13.6   15:55     N
----------------------------------------------------------------------------------
    21.5  36.9     2    10.7     5    16.5  74.5   0.0   3.7  51.4     5       E

Max >=  27.0 13
Max <=  10.0  0
Min <=   0.0  0
Min <=  -5.0  0
Max Rain: 0.0 on day 0
Days of Rain: 0 (>= 0.2 mm)  0 (>= 2.0 mm)  0 (>= 20.0 mm)
Heat Base: 18.3  Cool Base: 18.3  Method: Integration