NOAA-Style Climate Reports

Select a Year or Month report
2018: Jan Feb Mar Apr May Jun Jul Aug Sep Oct Nov Dec

Report for 2018 July
                   Monthly Climatological Summary for Jul 2018

Name: Linkwater School   City: Linkwater   State: Marlborough
Elevation: 8 m  Lat: S 41 17 21   Lon: E 173 52 44

                  Temperature (°C), Rain (mm), Wind Speed (km/h)

                                      Heat  Cool        Avg
    Mean                              Deg   Deg         Wind                 Dom
Day Temp  High   Time   Low    Time   Days  Days  Rain  Speed High   Time    Dir
----------------------------------------------------------------------------------
01   7.6  11.1   14:53   1.4   00:00  10.7   0.0   9.0   0.9  24.2   22:25   ESE
02   6.6  10.0   16:48   3.0   07:58  11.6   0.0   0.9   0.7  27.2   03:01    SE
03   5.9  11.4   13:49   1.4   23:50  12.4   0.0   0.3   0.2   8.6   08:50     N
04   5.0  12.3   13:23   1.2   00:24  13.3   0.0   0.0   0.8  15.6   08:58     E
05   4.9  12.8   13:49   0.4   02:06  13.4   0.0   0.3   0.4  12.1   08:50     E
06   6.0  13.1   11:22   1.0   07:39  12.3   0.0   0.0   1.7  17.1   22:16   ESE
07  11.7  14.9   15:21   8.6   23:24   6.6   0.0   9.0   6.6  49.9   13:05   SSE
08  12.1  15.1   15:56   9.1   00:09   6.2   0.0  87.3   6.7  61.5   15:52    SE
09   9.8  15.6   10:02   5.2   23:51   8.5   0.0  12.0   3.6  44.4   07:36    SE
10   6.6  14.5   10:59   2.0   23:59  11.7   0.0   0.3   0.4  12.1   10:10   NNE
11   7.1  14.8   10:17   0.3   08:14  11.2   0.0   0.3   3.8  41.3   22:23   SSE
12   8.9  11.5   13:28   5.2   21:39   9.4   0.0   0.0   3.2  37.8   00:09   ENE
13   7.6  14.9   14:02   2.5   23:58  10.7   0.0   0.3   2.5  30.7   13:03    SE
14   6.9  14.3   14:43   2.1   06:38  11.4   0.0   0.0   0.8  13.6   11:38   ESE
15   9.3  16.1   12:12   4.4   02:43   9.0   0.0   3.3   1.5  30.7   07:20     N
16  11.4  17.1   09:46   7.4   22:15   6.9   0.0   3.3   1.2  20.7   13:03     E
17   8.4  17.8   10:02   2.9   23:27   9.9   0.0   0.3   1.7  29.2   11:17   SSE
----------------------------------------------------------------------------------
     8.0  17.8    17     0.3    11   175.2   0.0 126.6   2.2  61.5     8      SE

Max >=  27.0  0
Max <=  10.0  1
Min <=   0.0  0
Min <=  -5.0  0
Max Rain: 87.3 on day 8
Days of Rain: 13 (>= 0.2 mm)  6 (>= 2.0 mm)  1 (>= 20.0 mm)
Heat Base: 18.3  Cool Base: 18.3  Method: Integration